{"id":70,"date":"2016-11-21T02:04:43","date_gmt":"2016-11-21T01:04:43","guid":{"rendered":"https:\/\/late-night.rocks\/?page_id=70"},"modified":"2023-09-15T21:51:52","modified_gmt":"2023-09-15T19:51:52","slug":"joni","status":"publish","type":"page","link":"https:\/\/late-night.rocks\/?page_id=70","title":{"rendered":"Joni"},"content":{"rendered":"<p><img loading=\"lazy\" decoding=\"async\" class=\"size-medium wp-image-71 alignright\" src=\"https:\/\/late-night.rocks\/wp-content\/uploads\/2016\/11\/joni-200x300.jpg\" alt=\"joni\" width=\"200\" height=\"300\" srcset=\"https:\/\/late-night.rocks\/wp-content\/uploads\/2016\/11\/joni-200x300.jpg 200w, https:\/\/late-night.rocks\/wp-content\/uploads\/2016\/11\/joni-683x1024.jpg 683w, https:\/\/late-night.rocks\/wp-content\/uploads\/2016\/11\/joni.jpg 720w\" sizes=\"auto, (max-width: 200px) 100vw, 200px\" \/>Joni spielt seit seinem sechsten Lebensjahr Klavier und hatte sp\u00e4ter als Jugendlicher auch Orgel- und Schlagzeugunterricht. Durch die Sch\u00fclerband am FRG Ebern kam er das erste Mal mit Keyboards und Synthesizern in Kontakt. Seither hat ihn die Leidenschaft f\u00fcr Rockmusik gepackt, die er in bisherigen Bandprojekten wie GHOSTBUSTERZ oder Die Kapelle ausgelebt hat.<\/p>\n<p>Bei Late Night wird Joni nat\u00fcrlich ebenfalls wieder an den Keyboards t\u00e4tig sein, wechselt im Unplugged Programm aber zum E-Bass. Auf der B\u00fchne spielt er auf einem KORG Kronos, sowie einem DSI Prophet Rev2. F\u00fcr sein Monitoring verwendet er InEar-Kofph\u00f6rer der Marke Shure. Beim Unplugged Programm spielt er auf einem Ibanez Bass.<\/p>\n<p><img loading=\"lazy\" decoding=\"async\" class=\"wp-image-495 alignleft\" src=\"https:\/\/late-night.rocks\/wp-content\/uploads\/2023\/09\/photo_2023-09-15-21.48.05-682x1024.jpeg\" alt=\"\" width=\"253\" height=\"380\" srcset=\"https:\/\/late-night.rocks\/wp-content\/uploads\/2023\/09\/photo_2023-09-15-21.48.05-682x1024.jpeg 682w, https:\/\/late-night.rocks\/wp-content\/uploads\/2023\/09\/photo_2023-09-15-21.48.05-200x300.jpeg 200w, https:\/\/late-night.rocks\/wp-content\/uploads\/2023\/09\/photo_2023-09-15-21.48.05-768x1152.jpeg 768w, https:\/\/late-night.rocks\/wp-content\/uploads\/2023\/09\/photo_2023-09-15-21.48.05.jpeg 853w\" sizes=\"auto, (max-width: 253px) 100vw, 253px\" \/>Abseits von Late Night dirigiert er die \u00a0Ha\u00dfbergkapelle Kirchlauter und spielt Schlagzeug bei der Sternberger Musik. Nach einer langen Ruhepause ist er auch kirchenmusikalisch wieder aktiv: er spielt die Kirchenorgel in Kirchlauter und leitet dort auch eine kirchliche Singgruppe. Beruflich ist er als Abteilungsleiter in einer Genossenschaftsbank t\u00e4tig. F\u00fcr sonstige Hobbys hat er leider keine Zeit mehr&#8230;<\/p>\n<p><img loading=\"lazy\" decoding=\"async\" class=\"aligncenter size-large wp-image-279\" src=\"https:\/\/late-night.rocks\/wp-content\/uploads\/2017\/08\/ASF_Sesslach_10530-xx-1024x683.jpg\" alt=\"\" width=\"840\" height=\"560\" srcset=\"https:\/\/late-night.rocks\/wp-content\/uploads\/2017\/08\/ASF_Sesslach_10530-xx-1024x683.jpg 1024w, https:\/\/late-night.rocks\/wp-content\/uploads\/2017\/08\/ASF_Sesslach_10530-xx-300x200.jpg 300w, https:\/\/late-night.rocks\/wp-content\/uploads\/2017\/08\/ASF_Sesslach_10530-xx-768x512.jpg 768w, https:\/\/late-night.rocks\/wp-content\/uploads\/2017\/08\/ASF_Sesslach_10530-xx-1200x800.jpg 1200w, https:\/\/late-night.rocks\/wp-content\/uploads\/2017\/08\/ASF_Sesslach_10530-xx.jpg 1920w\" sizes=\"auto, (max-width: 840px) 100vw, 840px\" \/><img loading=\"lazy\" decoding=\"async\" class=\"aligncenter size-large wp-image-242\" src=\"https:\/\/late-night.rocks\/wp-content\/uploads\/2017\/07\/LN_Asf_Ebern_11494-683x1024.jpg\" alt=\"\" width=\"683\" height=\"1024\" srcset=\"https:\/\/late-night.rocks\/wp-content\/uploads\/2017\/07\/LN_Asf_Ebern_11494-683x1024.jpg 683w, https:\/\/late-night.rocks\/wp-content\/uploads\/2017\/07\/LN_Asf_Ebern_11494-200x300.jpg 200w, https:\/\/late-night.rocks\/wp-content\/uploads\/2017\/07\/LN_Asf_Ebern_11494-768x1152.jpg 768w, https:\/\/late-night.rocks\/wp-content\/uploads\/2017\/07\/LN_Asf_Ebern_11494-1200x1800.jpg 1200w, https:\/\/late-night.rocks\/wp-content\/uploads\/2017\/07\/LN_Asf_Ebern_11494.jpg 1280w\" sizes=\"auto, (max-width: 683px) 100vw, 683px\" \/><\/p>\n","protected":false},"excerpt":{"rendered":"<p>Joni spielt seit seinem sechsten Lebensjahr Klavier und hatte sp\u00e4ter als Jugendlicher auch Orgel- und Schlagzeugunterricht. Durch die Sch\u00fclerband am FRG Ebern<\/p>\n<p class=\"link-more\"><a class=\"myButt \" href=\"https:\/\/late-night.rocks\/?page_id=70\">Read More<\/a><\/p>\n","protected":false},"author":1,"featured_media":0,"parent":15,"menu_order":0,"comment_status":"closed","ping_status":"closed","template":"","meta":{"footnotes":""},"class_list":["post-70","page","type-page","status-publish","hentry"],"_links":{"self":[{"href":"https:\/\/late-night.rocks\/index.php?rest_route=\/wp\/v2\/pages\/70","targetHints":{"allow":["GET"]}}],"collection":[{"href":"https:\/\/late-night.rocks\/index.php?rest_route=\/wp\/v2\/pages"}],"about":[{"href":"https:\/\/late-night.rocks\/index.php?rest_route=\/wp\/v2\/types\/page"}],"author":[{"embeddable":true,"href":"https:\/\/late-night.rocks\/index.php?rest_route=\/wp\/v2\/users\/1"}],"replies":[{"embeddable":true,"href":"https:\/\/late-night.rocks\/index.php?rest_route=%2Fwp%2Fv2%2Fcomments&post=70"}],"version-history":[{"count":14,"href":"https:\/\/late-night.rocks\/index.php?rest_route=\/wp\/v2\/pages\/70\/revisions"}],"predecessor-version":[{"id":499,"href":"https:\/\/late-night.rocks\/index.php?rest_route=\/wp\/v2\/pages\/70\/revisions\/499"}],"up":[{"embeddable":true,"href":"https:\/\/late-night.rocks\/index.php?rest_route=\/wp\/v2\/pages\/15"}],"wp:attachment":[{"href":"https:\/\/late-night.rocks\/index.php?rest_route=%2Fwp%2Fv2%2Fmedia&parent=70"}],"curies":[{"name":"wp","href":"https:\/\/api.w.org\/{rel}","templated":true}]}}